22*v + 160. Calculate w(6).
-440
Let b(y) = 451*y - 1362. What is b(3)?
-9
Let w(k) = -k**2 + 102*k - 721. Give w(9).
116
Let a(c) = -55*c - 2807. What is a(-50)?
-57
Let k(m) = 12*m + 108. Determine k(-19).
-120
Let v(w) = 408*w + 3671. Calculate v(-9).
-1
Let s(x) = -5*x**3 + 300*x**2 + x - 56. Give s(60).
4
Let y(w) = w**2 - 18*w + 11. Determine y(9).
-70
Let t(s) = 95*s + 62. What is t(-3)?
-223
Let n(m) = -477*m + 2998. What is n(6)?
136
Let n(a) = -20*a + 779. Determine n(19).
399
Let q(u) = 2*u**3 + 105*u**2 + 150*u - 124. Calculate q(-51).
29
Let r(b) = 2985*b + 8952. Determine r(-3).
-3
Let z(s) = -632*s - 18957. Give z(-30).
3
Let b(g) = -g**3 + 16*g**2 - 412*g + 6601. Determine b(16).
9
Let z(u) = -11*u**2 + 103*u - 23. What is z(9)?
13
Let y(f) = 20*f - 23. Calculate y(-1).
-43
Let m(z) = z**3 - 59*z**2 - 51*z - 365. Determine m(60).
175
Let t(u) = 283*u - 1128. Determine t(4).
4
Let q(x) = -2*x**3 - 4*x**2 + 33*x + 66. Determine q(-2).
0
Let o(d) = 218*d + 17. Give o(-1).
-201
Let o(n) = 401*n - 3603. Determine o(9).
6
Let t(f) = -600*f**2 - 3600*f - 2. What is t(-6)?
-2
Let j(t) = t**3 - 9*t**2 + 12*t - 11. Determine j(7).
-25
Let c(h) = 2*h**2 + 32*h + 49. Determine c(-23).
371
Let y(d) = 7*d - 94. Determine y(12).
-10
Let i(x) = -x**3 - 49*x**2 - 218*x + 96. Determine i(-44).
8
Let o(l) = l**3 + 98*l**2 + 2*l + 15. What is o(0)?
15
Let n(q) = 33*q - 3942. Calculate n(119).
-15
Let p(x) = 2521*x - 15105. Determine p(6).
21
Let j(w) = -19*w**3 - 4*w**2 - 109*w - 212. Calculate j(-2).
142
Let v(l) = l + 102. Give v(-17).
85
Let m(y) = 859*y - 7740. Give m(9).
-9
Let c(o) = -3*o**2 - 1715*o + 12157. Calculate c(7).
5
Let d(h) = 45*h - 851. Calculate d(18).
-41
Let h(q) = -97*q + 6401. Calculate h(66).
-1
Let c(v) = 22*v**2 + 16*v - 49. Give c(3).
197
Let x(q) = q**3 - 30*q**2 - 2. What is x(0)?
-2
Let f(j) = -13*j - 56. Determine f(-11).
87
Let s(f) = -5200*f - 20803. Calculate s(-4).
-3
Let n(s) = -3*s**3 + 62*s**2 + 166*s - 50. Give n(23).
65
Let q(k) = 5*k**3 - 4*k**2 + 2*k - 8. What is q(-4)?
-400
Let r(i) = -74*i - 108. Calculate r(-1).
-34
Let f(k) = -k**3 - 8*k**2 - 4*k - 9. What is f(-6)?
-57
Let c(n) = -10*n - 117. What is c(-16)?
43
Let x(i) = 5*i**3 + 73*i**2 + 40*i - 30. What is x(-14)?
-2
Let f(r) = 2*r**2 - 6393*r + 25542. Calculate f(4).
2
Let a(h) = h**2 + 102*h - 881. Calculate a(-110).
-1
Let v(b) = -58*b**2 + 376*b + 29. Calculate v(8).
-675
Let f(z) = 20*z**3 - z + 465. Determine f(0).
465
Let t(c) = -119*c + 718. Give t(7).
-115
Let c(q) = 2*q**2 + 62*q + 28. Determine c(-30).
-32
Let q(x) = 2*x**3 + 2*x**2 - 2*x - 9. What is q(2)?
11
Let t(b) = -4*b**2 + 112*b - 767. Calculate t(14).
17
Let u(v) = 139*v - 2154. What is u(16)?
70
Let k(s) = 41*s - 1504. Give k(37).
13
Let s(j) = -101*j + 1891. What is s(19)?
-28
Let c(i) = 8*i**2 + 45*i + 232. Give c(-8).
384
Let v(f) = -7*f**2 + 31*f - 32. What is v(1)?
-8
Let z(p) = 2*p**2 + 9*p - 14. Calculate z(5).
81
Let v(c) = -4*c**2 - 6*c + 9. Determine v(-9).
-261
Let u(q) = -2*q**2 + 22*q - 21. Give u(10).
-1
Let y(w) = -5*w**2 - 92*w - 119. Determine y(-17).
0
Let n(w) = -14819*w - 74100. What is n(-5)?
-5
Let w(d) = -d**3 - 73*d**2 - 69*d + 245. Determine w(-72).
29
Let y(o) = -27*o - 1090. Give y(-32).
-226
Let m(p) = 664*p - 3428. What is m(5)?
-108
Let v(p) = -p**3 - 5*p**2 - 10*p - 51. Calculate v(-5).
-1
Let w(h) = 2*h**3 - 75*h**2 - 298*h + 454. What is w(41)?
3
Let p(q) = 3*q**2 + 104*q + 28. Determine p(-34).
-40
Let t(v) = -v**2 - 95*v - 265. What is t(-3)?
11
Let c(q) = q**3 - 73*q**2 + 635*q - 48. What is c(63)?
267
Let u(b) = 65*b - 34. Determine u(0).
-34
Let u(r) = r**2 + 623*r + 33254. Determine u(-59).
-22
Let x(f) = f**3 + 64*f**2 + 64*f + 39. What is x(-63)?
-24
Let h(x) = 23*x - 239. Give h(7).
-78
Let o(l) = 20*l**3 + 9*l**2 - 7*l + 6. Calculate o(1).
28
Let p(v) = 74*v + 3. Determine p(2).
151
Let d(h) = 16*h**2 + 395*h - 135. Give d(-25).
-10
Let p(x) = 2*x**2 - 16*x - 433. What is p(-11)?
-15
Let z(b) = -4*b - 7. Give z(-11).
37
Let k(t) = 807*t + 8067. Determine k(-10).
-3
Let n(r) = 886*r + 5259. Give n(-6).
-57
Let o(i) = -52*i - 1409. Give o(-27).
-5
Let b(a) = 499*a - 2987. Calculate b(6).
7
Let r(m) = 35*m**2 - 1188*m - 47. What is r(34)?
21
Let b(c) = -12*c + 123. Determine b(12).
-21
Let c(j) = -j**2 + 86*j - 406. What is c(5)?
-1
Let c(a) = -143*a + 13812. What is c(97)?
-59
Let r(p) = -2*p**2 - 359*p - 359. Calculate r(-1).
-2
Let l(p) = -2399*p + 38390. What is l(16)?
6
Let g(s) = -86*s - 4203. Calculate g(-48).
-75
Let l(q) = 298*q - 14319. Give l(48).
-15
Let d(t) = -t**2 - 47*t + 4388. Give d(-94).
-30
Let u(h) = -4*h + 81. Determine u(22).
-7
Let w(m) = -69*m**2 - 457*m + 457. Calculate w(1).
-69
Let v(u) = 356*u - 686. Determine v(2).
26
Let c(f) = -18*f**2 + 129*f + 3. Calculate c(7).
24
Let q(g) = -62*g + 177. Give q(3).
-9
Let d(i) = -i**2 + 36*i - 158. Calculate d(5).
-3
Let x(l) = l**2 - 14*l - 62. Determine x(16).
-30
Let d(t) = -6*t**2 + 47*t + 68. Calculate d(9).
5
Let b(f) = f**3 + 8*f**2 + 34*f + 124. Determine b(-5).
29
Let k(v) = -28*v - 250. Determine k(-9).
2
Let z(v) = -184*v - 726. What is z(-4)?
10
Let t(m) = 20*m**2 + 18*m + 3. Calculate t(-3).
129
Let w(z) = 3*z**3 - 84*z**2 + 77*z + 26. What is w(27)?
-82
Let q(y) = -y**2 + 130*y + 21. Calculate q(130).
21
Let n(t) = 79*t - 425. Calculate n(7).
128
Let w(b) = 35*b + 3898. Calculate w(-112).
-22
Let h(x) = x**3 + 3*x**2 + 13*x + 42. Give h(-3).
3
Let u(l) = l**2 + 53*l - 89. Give u(-56).
79
Let s(g) = -341*g + 2391. Calculate s(7).
4
Let a(g) = -g**3 + 51*g**2 - 143*g + 136. Give a(48).
184
Let a(v) = -7*v**2 + 294*v - 21. Determine a(0).
-21
Let d(g) = g**3 + 9*g**2 + 6*g - 69. Determine d(-4).
-13
Let c(v) = -196*v + 417. Determine c(4).
-367
Let v(o) = 80*o - 86. What is v(1)?
-6
Let n(l) = l**3 + 10*l**2 + 7*l + 8. What is n(-7)?
106
Let h(i) = -2*i**2 - 110*i - 9. Determine h(-55).
-9
Let i(m) = -m**3 + 19*m**2 - 101*m - 5. Determine i(7).
-124
Let k(q) = -q**2 + 46*q - 308. What is k(8)?
-4
Let t(n) = -699*n + 34952. Calculate t(50).
2
Let k(t) = -t**2 - 22*t - 71. Give k(-9).
46
Let d(r) = -4*r + 95. Determine d(-29).
211
Let m(y) = y**3 + 30*y**2 - 37*y - 181. Determine m(-31).
5
Let i(j) = 50*j - 53. Determine i(-3).
-203
Let y(i) = -i**2 + 40*i - 234. What is y(21)?
165
Let w(i) = 9*i**2 + 5*i - 59. Determine w(-6).
235
Let p(t) = -45*t**2 + 15*t - 15. Determine p(1).
-45
Let u(c) = -20*c - 214. Give u(-6).
-94
Let n(o) = -o**2 - 17*o - 83. Determine n(-6).
-17
Let d(z) = 937*z + 74955. What is d(-80)?
-5
Let s(w) = 5*w**2 - 124*w - 725. Calculate s(-6).
199
Let l(p) = 685*p + 665. Determine l(-1).
-20
Let v(o) = -o**2 + 69*o - 286. Calculate v(65).
-26
Let u(s) = 8*s - 498. What is u(23)?
-314
Let d(k) = k**3 + 16*k**2 + 30*k + 55. What is d(-14)?
27
Let w(n) = -n**3 + 64*n**2 + 7*n - 361. Calculate w(64).
87
Let x(r) = 215*r - 222. What is x(1)?
-7
Let g(c) = -c**2 + 61*c - 565. Calculate g(11).
-15
Let m(k) = -97*k**3 + 2*k**2 + 84*k + 83. Give m(-1).
98
Let w(g) = 2*g**3 + 50*g**2 + 240*g - 235. What is w(-18)?
-19
Let g(b) = b**2 + 8*b - 71. Calculate g(-20).
169
Let g(n) = -n**2 - 13*n + 150. Determine g(-21).
-18
Let t(v) = -17*v + 58. Give t(8).
-78
Let m(l) = -l**3 - 17*l**2 - 18*l + 37. What is m(-2)?
13
Let t(c) = -c**2 - 123*c - 2765. What is t(-30)?
25
Let k(p) = -2*p**3 + 18*p**2 + 139*p - 8. Calculate k(14).
-22
Let p(v) = 176*v**2 + 28*v - 29. Give p(1).
175
Let t(d) = -d**2 - 4*d - 101. Calculate t(0).
-101
Let h(o) = 2*o**3 - 111*o**2 - 43*o + 522. Determine h(56).
1250
Let a(n) = -n**2 + 16*n + 4182. What is a(-57)?
21
Let g(l) = l**3 + 67*l**2 - 211*l - 67. Calculate g(-70).
3
Let m(c) = -2529*c - 22767. Calculate m(-9).
-6
Let m(b) = -b**2 - 68*b + 1778. What is m(20)?
18
Let d(k) = k**3 - 6*k**2 - 33*k + 10. Calculate d(5).
-180
Let o(v) = -7*v**2 - 560*v - 2. Determine o(-80).
-2
Let t(y) = 415*y + 1699. Calculate t(-5).
-376
Let j(y) = 382*y - 455. Calculate j(1).
-73
Let v(o) = -3*o**2 - 36*o + 47. What is v(-16)?
-145
Let s(f) = 28*f + 469. Determine s(-18).
-35
Let y(i) = -90*i + 2335. Calculate y(26).
-5
Let a(o) = -o**3 - 16*o**2 + 103*o - 50. What is a(-21)?
-8
Let f(w) = -111*w + 2963. Give f(27).
-34
Let p(h) = -